ate -2 + (-1 + 0 - (6 - (-2 + 10))).
-1
Evaluate 5 + 1 + 0 + 2 + -3 - 3.
2
38 - (26 + 5 - 23)
30
Evaluate 37 + (0 - 11) + -3 - (-3 - -1).
25
(30 - 16 - 15) + (-2 - -5)
2
0 + 0 + 2 - 13 - (-27 - -31)
-15
What is -15 + (4 + 2 - 3 - -5)?
-7
Calculate (-1 - 1) + 62 + -54 + -20.
-14
Evaluate 38 - ((12 - 17) + 43).
0
Calculate -19 + 17 - (10 + 2 - (-2 + 7)).
-9
Calculate (-17 + 25 - -6) + (-5 - -1).
10
7 + (-14 + 8 - (12 + 0)) + -2
-13
What is the value of -15 + 1 - (17 - -8)?
-39
What is -4 + 23 + 1 - (2 + 12)?
6
What is the value of -101 + 80 + (5 + -6 - 12)?
-34
What is -4 - (2 + (-1 - (7 - 5)))?
-3
What is the value of -4 - (16 - (3 - -15 - 10))?
-12
What is (0 - 7) + (-24 - -11) + 17?
-3
What is the value of (17 - -15 - (2 - 1)) + (4 - 8)?
27
-6 - (0 - 26 - (8 + (1 - 17)))
12
What is the value of -5 - -1 - (174 - 188)?
10
Calculate 4 + -7 + 7 + -9.
-5
What is the value of (-139 - -118) + (-4 - 1) + -1 + 2?
-25
What is the value of 26 + -10 + 6 + -8?
14
Evaluate 1 + 7 + -14 + 2 + 5 - 0.
1
Calculate 4 + 69 + -41 + -31.
1
Evaluate -33 - 2 - (-19 + 33 - 18).
-31
Calculate -2 - -3 - (-10 - (4 - 4)).
11
What is (-2 - (15 + -15)) + 2?
0
What is (84 - 100) + -1 + 2 + -2?
-17
What is -5 + -7 + (9 - 46) + 17?
-32
What is the value of (6 - 6 - (2 + -6)) + 7 + -1?
10
Calculate (-13 + -21 - -22) + -13.
-25
Calculate ((10 - 8) + -3 - -12) + -12.
-1
Evaluate (-2 + -1 - (8 + -18)) + (-1 - 32).
-26
Evaluate -1 + -7 + 22 + -3.
11
-33 + 49 + 3 + -9
10
Calculate (-12 + 8 - (2 + 1)) + (-62 - -62).
-7
What is the value of -156 + 148 + (6 - (-1 + -1))?
0
What is 1 + (-16 + 14 - -5) + 25?
29
What is the value of -8 - 0 - ((-12 - (13 - -3)) + -4)?
24
What is -32 - -56 - 32 - (8 + 1 + 1)?
-18
What is 3 + (1 - 6) + -3 - (32 - 25)?
-12
What is (-2 - -2 - -10) + 9 + 7 + -20?
6
9 + -14 - (0 + (1 - 4) - -9)
-11
Evaluate 12 + (22 - 22) + -19.
-7
What is 1 + -4 + (-11 + 2 - -3) + -2?
-11
Calculate 0 + -5 + 4 - (-2 - (4 - 6)).
-1
Evaluate 21 + (-8 - 4) - (5 + 0).
4
What is the value of (150 - 135) + 1 + -27?
-11
What is 6 - 49 - (9 - 50)?
-2
Evaluate -2 + (4 - (-2 - -10)) - (0 + -5).
-1
What is (12 - 0) + (-13 - -3 - -3) + -7?
-2
14 + (2 - 11) + 4 + (-1 - 9)
-1
Evaluate 2 + 25 + 3 - (-20 + (-24 - -45)).
29
2 + 0 - (-3 - 0 - (-93 - -75))
-13
Evaluate (21 - (6 - -18)) + -9.
-12
-918 + 902 - (0 - (-1 + 0 + -4))
-21
Evaluate (-1 - -5) + -7 - -1 - 2 - 1.
-5
What is 3 + 5 + 3 + -12 + -3 + 13?
9
What is the value of 0 - -41 - (447 - 378)?
-28
Evaluate 579 + -558 - (3 - (0 - (-3 - -1))).
20
Calculate 11 + (1 - 4) + -20 + 13.
1
What is 35 + 17 + (-74 - -33)?
11
What is 0 - ((50 - 30) + (-2 - 4) + -4)?
-10
Calculate 0 - (-15 + 16) - 5.
-6
What is the value of 8 + (-14 + 20 - (0 - -1))?
13
Evaluate (-10 - -9) + (-3 - -4) - (28 - 28).
0
What is 0 + 7 - ((20 - 3) + (89 - 113))?
14
5 - (-13 + 15) - 1
2
Evaluate 8 - (13 + (-7 - -1)).
1
What is the value of 8 + (2 - (6 - -2)) + 1?
3
Evaluate (16 + (-4 - 5) - -9) + 2 + 1.
19
Calculate -4 - -4 - (34 + -9 + 9).
-34
Evaluate -47 + 82 - (35 + -5).
5
-7 - (0 + 7 + 19 - 17)
-16
Calculate (-5 - -10 - (-12 - -1)) + -9.
7
What is the value of 57 + -10 - 34 - 34?
-21
Evaluate (202 - 196) + (-12 - -1).
-5
Evaluate -4 - -28 - (-38 - -26).
36
What is the value of 2 - (-40 + 24) - -20?
38
What is 6 + (11 + -6 - -1 - 14)?
-2
What is (-2 - -4 - 1) + (-5 - (0 - 16))?
12
Calculate -32 - (-5 + 2 + (-35 - -29)).
-23
Calculate 3 + (6 - 3 - ((4 - 10) + 2)).
10
7 + 1 + -151 + 161 + -10
8
What is -332 - -344 - (2 - 3)?
13
12 + (7 - -7) + -35 - (2 - 0)
-11
What is 20 + (11 - (14 - -20))?
-3
Calculate 6 - (3 - 14) - 13.
4
Evaluate (-19 - -9) + 11 - 6.
-5
What is 25 + -1 - (15 - -8 - 11)?
12
(2 - -2) + -1 + -13 + 1
-9
-9 - ((-160 - -154) + (0 - -1 - 0))
-4
19 + -1 + -14 + 3
7
Calculate (1 - 1) + (-3 - (-11 - -13)).
-5
What is the value of 1 + (10 - 15) + 13 + -10?
-1
What is -1 + -3 + (-424 - -418)?
-10
Calculate -6 - (0 + 2) - (40 + -49).
1
What is the value of (-22 - -27) + (-24 - -2) - (-4 + 2)?
-15
-9 - (-11 - -34 - 15 - (5 + -2))
-14
Evaluate (32 - 22) + -7 + -2 + -15.
-14
Calculate 17 + (-1 - -18 - 20).
14
-2 - 0 - (-11 - -9) - 4
-4
Evaluate -17 + 4 + 6 + 0 + -7.
-14
-2 + -4 + (9 - 7)
-4
-4 - (-11 - -5 - -13 - 13)
2
Evaluate (-451 - -483) + -13 + (0 - 0).
19
3 + 8 + 3 + (8 - 32)
-10
(-8 - -12) + -20 + 16
0
Evaluate 7 + 0 + 1 - (199 - 173).
-18
Calculate -8 + -1 + 2 - (-16 - -1 - -26).
-18
Evaluate 0 + (-10 - -1) + (-2 + -12 - -11).
-12
What is -24 + 14 - -24 - (-11 + -1)?
26
What is -2 + -2 + -1 - (5 + -17) - 7?
0
24 + -27 + (-2 - -1) - (6 - -1)
-11
What is (0 - -6) + -134 + 117?
-11
What is (-10 - 5) + 19 - -32 - 6?
30
What is 26 + (6 - ((2 - 21) + 14))?
37
Evaluate -12 - (-4 + (-8 - 8)).
8
Evaluate -9 - (-19 + -17) - 17.
10
Evaluate 6 - (1 + 5 + 6).
-6
What is (-1 - 13) + 6 - -10?
2
What is the value of -8 + (-8 - -5 - -21)?
10
Evaluate (-10 - -3) + -8 + (17 - -1).
3
What is -38 + 17 + 9 + -1?
-13
What is (-33 - (-4 + 5 + -6)) + 8?
-20
What is the value of (8 - 10) + 12 + 1 + -20?
-9
What is the value of (-23 - (13 + -17)) + (7 - 2)?
-14
What is -8 - (-18 - (-2 - -5)) - 3?
10
What is (-5 - -2) + 3 + -7 + 6 + -10?
-11
Calculate (-32 - (13 - 23)) + -12.
-34
Evaluate 8 + -3 + -4 + -14 - (10 - 8).
-15
Calculate (5 - (-18 + 13 + 12)) + -9.
-11
Calculate 14 + (4 - (-14 + 4 - 0)).
28
Evaluate 21 + -30 - (-6 + -23 + -8).
28
What is 11 + -23 + 3 - (-16 - -1)?
6
What is 1 + -4 + 13 + (-9 - 1) - -1?
1
2 + -2 - -8 - (4 + 5 + -6)
5
What is (75 - 67) + 0 + 1 + -12?
-3
Calculate 2 + 2 + -30 - 1 - (55 + -55).
-27
What is the value of 13 + 2 + -11 - ((6 - 8) + 15)?
-9
423 + -420 + (1 - 9)
-5
What is the value of (5 - (-7 - -5)) + 14 + -12?
9
9 - (2 + -3) - (20 - 17 - 8)
15
What is -9 + -2 + 4 + 2 + -8 + -2?
-15
What is the value of (0 - (-12 + (0 - -1))) + 14?
25
What is -3 + 8 + -5 - -10 - -9?
19
What is the value of 0 - ((-5 - 10) + 20 - -3)?
-8
33 + -88 + 72 + -4 + (3 - 1)
15
Evaluate 4 - 36 - (-6 + -16).
-10
What is (1 - 6) + (26 - 5)?
16
What is -20 + -1 - (-2 + -15)?
-4
-7 + (-7 - -5) + 9 - 8
-8
Evaluate (-29 + 14 - (1 + 22)) + -1.
-39
7 + 8 + (8 + -2 - 10)
11
(18 - 21) + 0 + -13 + 1 + -1
-16
What is the value of (27 - (-39 - -46)) + 12?
32
Evaluate 11 - (-8 - 14) - 21.
12
What is 10 - (13 + (6 + -5 - 8))?
4
-13 + 10 + -7 + 1 + -5
-14
-2 + 2 - ((2 - -1) + -7 - 0)
4
What is the value of (7 - -3 - -1) + -9 - 2?
0
What is the value of 16 + -4 + -14 + (-5 - -1)?
-6
-6 + -18 + 7 + (-4 - -5) + 8
-8
What is (-1 - (2 + -16 - -1)) + -6 + -2?
4
What is ((19 - 1) + -9 - 10) + 0 + -5?
-6
Calculate -8 + -8 - -12 - (-1 - (0 - -3)).
0
What is the value of 1 - (-21 + 30 - (1 - -20))?
13
What is 10 + (-4 - 14) + 13?
5
What is -16 + -17 + (69 - 17)?
19
What is -3 + 5 + -14 + -39 + (-24 - -59)?
-16
Calculate -1 + 5 + 194 + -190.
8
-12 + 2 - (-13 + 7 + (9 - 13))
0
Calculate 48 + -1 - (26 + -12).
33
Evaluate -13 + -3 - (14 + -14).
-16
-3 + -11 + -10 + 15
-9
What is -4 - 4 - (2 - 10) - -12?
12
What is -114 + 105 - (12 + 0 + -2 + -2)?
-17
What is 3 - (9 - (3 - 1)) - (30 - 47)?
13
Calculate 12 + (-19 - -12) + (-3 - 5).
-3
What is (-30 + -5 - -4) + 9 + 3?
-19
Evaluate -41 - ((12 - -10) + -10 - 7 - 12).
-34
What is (-2 - (12 - (-1 - (-4 + 2)))) + -2?
-15
What is the value of -13 + (18 - 0) - (15 + -17)?
7
What is the value of 8 - 2 - (-1 - -2) - (229 - 223)?
-1
What is the value of 17 + (3 - 11) + (-19 - (-1 + -2))?
-7
What is (-31 - 0) + 22 + 4?
-5
Calculate 22 + -2 + -24 + -29 + 64.
31
Evaluate 5 + -6 + 0 + 1 + 26 + 9.
35
What is the value of (1 - 1) + (-28 - -17)?
-11
Evaluate (7 - 29 - -14) + 0 - -12.
4
Evaluate (43 - (-9 - -11)) + -71.
-30
What is the value of (-8 - -4) + 5 + 15 + -2?
14
Evaluate 0 - (-9 - (-20 + (-1 - -8) - -7)).
3
Calculate 7 + -12 + (6 - (6 - 9) - -6).
10
Evaluate -11 + -4 + (-14 - (-31 + 11)).
-9
What is the value of -26 + 6 + 9 - ((-37 - 9) + 7)?
28
Evaluate -1 + (4 - -20) - ((10 - -8) + -14).
19
16 + -3 - (-21 - -40) - 0
-6
Calculate 0 + 10 - (13 - 13).
10
14 + (-14 - -13 - 45) - (-4 - 2)
-26
Calculate 7 - 37 - (9 + -29).
-10
What is the value of 5 + (-59 - -29) + 23?
-2
1 - (-3 + -4 + (8 - -7))
-7
What is the value of 4 - 4 - (2 + -4 + 5)?
-3
Evaluate -1 - 0 - ((-28 - -88) + -30).
-31
What is the value of 12 - (-6 - (-5 + -22 - -2))?
-7
Calculate -85 + 34 + 19 - -19